). Calculate the greatest common factor of o and 14.
2
Let b = -30 + 9. Let v = b - -24. Suppose -3*p - 192 = -3*a, 4*a + v*p - 2 = 289. Calculate the highest common divisor of a and 23.
23
Let c(g) = 116*g + 3. Let r be c(1). Calculate the highest common factor of 7 and r.
7
Let u(w) = 12*w**2 - 29*w + 33. Let p be u(10). Calculate the greatest common divisor of 23 and p.
23
Let n(j) = 19*j + 4. Let a be n(4). Let d be 2/12 - (-14 - -14) - (-177)/18. What is the highest common factor of a and d?
10
Let z(x) = 373*x - 475. Let d be z(4). Calculate the highest common factor of 226 and d.
113
Suppose 0 = -4*b - 3*j + 141, -10*j = -2*b - 12*j + 68. What is the greatest common factor of 429 and b?
39
Let q(a) = 69*a - 668. Let i be q(12). What is the greatest common divisor of 224 and i?
32
Let m be (-57)/(-133) + (2 - 1982/(-14)). What is the highest common factor of 32 and m?
16
Suppose -4*m - 2*i + 232 = 0, -2*i + 29 = 3*m - 143. What is the greatest common divisor of 180 and m?
60
Suppose 5*l = -4*s + 74, s - 25 = -2*l - 5. What is the greatest common divisor of 144 and s?
16
Let d(q) = -55*q - 107. Let g be d(-2). Calculate the greatest common divisor of 16 and g.
1
Let n be 30/(-9*(-21)/36 + -5). What is the greatest common divisor of 220 and n?
20
Let z = 1024 - 898. What is the greatest common factor of 420 and z?
42
Suppose -2*k - 5*h + 227 = 0, -272 = -k - k + 4*h. Let b = 190 - k. Calculate the greatest common factor of 32 and b.
32
Suppose 3*r + 2*r = 25. Suppose -1020 = -r*w - 0*w. Let c be w/18*(-1 - -16). What is the greatest common divisor of c and 17?
17
Suppose 8*y = 6*y + 38. Suppose 0 = -i - 4*i + 2*o + 541, -553 = -5*i - 4*o. Let m = i - y. Calculate the highest common factor of 18 and m.
18
Let m be (0 + -162)*363/(-99). What is the highest common factor of 54 and m?
54
Let b(o) = -o**2 + 7*o - 7. Let i be b(4). Suppose 2*d = -4*k + 1050, -64 = k + i*d - 313. What is the highest common factor of k and 24?
24
Let r be 0/2*(-5)/10. Suppose r = -2*u + 11 + 23. Calculate the highest common factor of 34 and u.
17
Let u = -911 + 1019. Suppose -2*k - 5*p - 8 + 42 = 0, k = 2*p + 35. What is the highest common divisor of k and u?
27
Let a(j) = 10*j**2 - 15*j + 60. Let k be a(4). What is the greatest common factor of 96 and k?
32
Let g = -1113 + 1146. Let z(w) = -3*w. Let b be z(-1). Calculate the highest common factor of g and b.
3
Let v be (0 - 1)/((-22)/1078). What is the highest common divisor of v and 343?
49
Suppose -w = -4, -5*v + 64 = -0*v - 4*w. Suppose 0 = -18*u + v*u + 160. Calculate the highest common divisor of u and 10.
10
Suppose -2*x - 11 = -5*v, 5*x + 0 - 1 = 3*v. Suppose x*l - l = -8. Let d be 837/4 - (-2)/l. Calculate the greatest common factor of 19 and d.
19
Suppose 30*k = 41 - 11. What is the highest common divisor of k and 1?
1
Suppose 5*v - 26 = -3*c, -2 = 2*c - 3*c + 5*v. Let m = 9 - c. Suppose 0 = 2*z + m*z - 120. What is the greatest common divisor of 6 and z?
6
Suppose 5*g = 20, 2*z + 0 = 3*g - 4. Suppose 3*t - 54 = 3. Let d = t - 7. What is the greatest common divisor of d and z?
4
Suppose 2*y - 8 = 0, 11 = v + 3*y - 41. What is the greatest common factor of 220 and v?
20
Let z(g) = -13*g - 531. Let u be z(-47). Calculate the greatest common divisor of 640 and u.
80
Let g be ((-4)/(-6) - 978/(-18)) + 5. What is the highest common divisor of g and 80?
20
Let m be (-3 + -7)*27/(-2). Let r be (-6)/((-3)/(-1)) - 29/(-1). What is the highest common divisor of r and m?
27
Let x(h) = -2*h**3 + h**2 - 4. Let m(y) = y**3 + 2. Let a(v) = 9*m(v) + 4*x(v). Let b be a(-4). Calculate the greatest common divisor of 5 and b.
1
Let q be -6 + (-77)/(-7) + 39. Calculate the highest common divisor of 330 and q.
22
Let p be (1432/(-24) - 1)/(1/(-3)). Calculate the greatest common divisor of 26 and p.
26
Let a = 72 + -71. Suppose -2*n + 1 = -1. What is the highest common factor of a and n?
1
Suppose -7*d = -44 - 40. Calculate the highest common divisor of d and 156.
12
Let b = -77 - -53. Let d = -16 - b. Calculate the greatest common divisor of d and 32.
8
Suppose -3*a - 387 = -12*a. Let f = a + -29. Let v = -5 + 47. Calculate the highest common factor of v and f.
14
Suppose n - 246 = 2*c, -1039 = -3*n - n - 3*c. What is the highest common factor of 8 and n?
8
Let x(d) = -2*d**2 + 11*d - 13. Let i be x(-14). Let t = i - -856. What is the greatest common factor of 27 and t?
27
Let a be 106/(-8) - (-14)/56. Let o = a + 24. What is the greatest common factor of o and 55?
11
Suppose 15*y - 180 = -0*y. Suppose 10*i - y = 68. Let j be (4/10)/(5/150). What is the highest common factor of j and i?
4
Let r be (-5882)/(-8) + -4*(-9)/48. Calculate the highest common divisor of r and 16.
16
Let q be 1/(-7) - 312/21. Let y = q - -27. What is the highest common divisor of 6 and y?
6
Let j(i) = i**2 + 3*i + 1. Let x be j(-4). Suppose -9*w + 4*w + x = 0. What is the highest common divisor of w and 1?
1
Let m = -824 + 827. Calculate the greatest common factor of m and 39.
3
Suppose -43*r + 46*r - 27 = 0. Suppose 15 = 5*g + 3*o, o - 6*o - 1 = 4*g. Calculate the highest common divisor of g and r.
3
Let u(i) = -97*i - 519. Let o be u(-6). What is the greatest common factor of 56 and o?
7
Let m(d) = 7*d - 11. Let v be m(5). Let r = 102 - 72. Suppose -4*a = -4*k + v, 5*k = -a - 2*a + r. Calculate the highest common factor of k and 2.
2
Suppose 102 = u + 5*a, 2*u + 228 = 4*u + 2*a. Let m = 19 + -6. Suppose -8*t + 7*t = -m. Calculate the highest common factor of t and u.
13
Suppose 0*s = -12*s + 324. Suppose -q + 37 = s. What is the greatest common divisor of 10 and q?
10
Suppose 5*j + 165 = -180. Let x = j + 157. Calculate the highest common divisor of 8 and x.
8
Let y(g) = 307*g**2 + 4*g + 9. Let t be y(3). Calculate the greatest common factor of t and 87.
87
Let v(w) = w**3 - w**2 + w + 28. Let x be v(0). Suppose -5*s + x = -97. Calculate the highest common divisor of s and 225.
25
Suppose -2*g + 21 = -99. Let a = 87 - g. Suppose 2*k - a = k. What is the highest common divisor of k and 18?
9
Suppose -55 = -3*c - 3*z + 17, -2*c + z + 33 = 0. Let s = -190 - -323. Calculate the highest common divisor of c and s.
19
Suppose -5*s = 3*s - 40. Calculate the highest common factor of 5 and s.
5
Let l(n) = -n**2 + 7. Let z be l(-3). Let u be z/7 + (-3542)/(-49). What is the highest common divisor of 24 and u?
24
Let h = -29 - -16. Let u = 17 + h. Suppose 3*z + 8 = 4*z + u*f, -4*z - 5*f = -43. Calculate the greatest common divisor of z and 24.
12
Suppose -6*l = -2*l - 4. Let d = l + 11. Calculate the greatest common divisor of d and 30.
6
Suppose 0 = 6*n - 2*n + 12. Let c(v) = -6*v**3 - 4*v**2 + v + 3. Let i be c(n). What is the greatest common divisor of i and 18?
18
Suppose -4*a = i + 441, 3*i = -i + 12. Let c = -61 - a. Calculate the highest common factor of 125 and c.
25
Suppose -5*r - 24 = -r. Let b(p) = -p - 11. Let a(f) = f + 11. Let j(z) = r*b(z) - 5*a(z). Let q be j(-8). Calculate the highest common divisor of 33 and q.
3
Let d(v) = -v**2 - 7*v + 4. Suppose 4*j + 2 + 26 = 0. Let p be d(j). What is the highest common factor of 8 and p?
4
Let d(n) = -n**2 + 18*n - 13. Let j be d(17). Suppose -z - 3*i + 6 = 0, j*z - i - 59 = -6*i. What is the greatest common factor of 42 and z?
21
Let c(z) = -z + 4. Suppose 0 = 7*j - 9*j - 12. Let w be c(j). Let g(r) = 2*r**2 - 2. Let d be g(-4). Calculate the greatest common factor of d and w.
10
Let g(v) = v**3 - 4*v**2 - 2*v - 1. Let f be g(5). Let d be 9/3 + 4*(-906)/(-24). Calculate the highest common divisor of d and f.
14
Let j(t) = 22*t - 9. Let b be j(9). Suppose k = -6*k + b. What is the highest common factor of k and 27?
27
Suppose 926 = 31*w + 120. Calculate the greatest common divisor of w and 26.
26
Let a = 4 + 68. Suppose 3*n - 50 = -4*s, 2*n - 4*s = a - 12. Let i = 1 + 1. What is the greatest common factor of i and n?
2
Let i = 9 + -7. Suppose -3*u - 4*o = o - 86, o = i*u - 40. Calculate the greatest common factor of u and 55.
11
Suppose 14*n - 83*n + 5796 = 0. What is the greatest common factor of n and 336?
84
Let f(p) = p**3 - p**2 - p - 1. Let k be f(2). Let x be (-140)/(-5) - k*2. Calculate the greatest common divisor of 104 and x.
26
Let q(k) = -k**2 + 20*k - 1. Let a be q(11). Let v = a + -58.